498*d - 1433. Calculate r(-3).
61
Let j(n) = 2*n**2 + 41*n - 28. Calculate j(-17).
-147
Let x(b) = -6*b + 142. Give x(-24).
286
Let q(i) = 13*i**2 - 480*i - 3. What is q(37)?
34
Let d(c) = c**3 - 7*c**2 + 34*c - 234. What is d(7)?
4
Let k(u) = -13252*u - 119285. Determine k(-9).
-17
Let p(g) = 60*g**2 + 7259*g - 129. Give p(-121).
-8
Let f(h) = 2*h**2 + 88*h + 318. Give f(-41).
72
Let x(r) = r**3 - 5*r**2 + 6*r + 17. What is x(-2)?
-23
Let w(f) = -f**3 - 11*f**2 + 33*f + 233. Give w(-8).
-223
Let q(c) = 45*c + 3189. Give q(-71).
-6
Let v(f) = 10*f + 29. Give v(-2).
9
Let x(p) = 811*p + 8179. Give x(-10).
69
Let r(l) = l**2 - 8*l - 437. Give r(28).
123
Let j(p) = 30*p + 673. What is j(-22)?
13
Let o(r) = 37*r + 1235. Determine o(-33).
14
Let o(r) = -2*r**2 - 13*r + 76. What is o(-9)?
31
Let b(q) = -14*q**2 - 72*q + 72. Determine b(1).
-14
Let p(a) = 2154*a + 30235. Determine p(-14).
79
Let i(k) = 6*k**2 - 44*k + 289. Determine i(8).
321
Let f(c) = 2*c**2 + 59*c + 319. What is f(-7)?
4
Let u(o) = 2*o**3 + 5*o**2 + 20*o + 42. Give u(-2).
6
Let i(o) = o**3 - 48*o**2 - 134*o + 4137. Determine i(49).
-28
Let z(l) = -423*l + 6706. Calculate z(16).
-62
Let f(s) = 26*s + 1220. Determine f(-36).
284
Let q(p) = -p**3 - 31*p**2 - 2*p - 201. What is q(-31)?
-139
Let m(r) = r**3 - 8*r**2 - 283*r + 2660. What is m(10)?
30
Let a(h) = 2*h**3 + 3*h**2 + 2*h - 13. Calculate a(0).
-13
Let l(i) = -50*i - 625. What is l(12)?
-1225
Let x(i) = -2*i**2 + 239*i - 2174. Determine x(110).
-84
Let v(b) = -2*b**3 + 2*b - 114. What is v(0)?
-114
Let a(l) = 320*l - 939. Determine a(3).
21
Let z(b) = -426*b - 915. What is z(-2)?
-63
Let r(q) = -327*q + 11371. Calculate r(35).
-74
Let i(x) = 76*x + 204. Calculate i(-5).
-176
Let y(g) = -1750*g**2 + 21000*g + 12. Calculate y(12).
12
Let q(s) = 23*s**3 + 22*s**2 + 24*s + 2. What is q(-1)?
-23
Let t(o) = -130*o + 4036. Calculate t(31).
6
Let k(t) = -t**3 - 9*t**2 - 71*t - 6. What is k(-7)?
393
Let q(m) = -m**3 - 2*m**2 + 5*m - 31. What is q(-6)?
83
Let c(p) = -7142*p - 28569. What is c(-4)?
-1
Let m(r) = 2*r**2 + 59*r + 353. Determine m(-21).
-4
Let d(q) = -q**3 - 31*q**2 - 118*q + 310. What is d(-26)?
-2
Let i(t) = t**2 - 271*t + 10359. Calculate i(46).
9
Let d(h) = -17*h**3 + 2*h**2 + 6*h - 23. Give d(-3).
436
Let v(q) = -q**3 + 88*q**2 + 752*q - 123. Calculate v(-8).
5
Let o(l) = -17*l + 398. Calculate o(15).
143
Let d(f) = -f**3 + 78*f**2 - 261*f - 7594. What is d(73)?
-2
Let y(w) = w**3 + 8*w**2 + 8*w + 112. What is y(-9)?
-41
Let s(j) = 2*j**2 - 40*j - 459. Determine s(28).
-11
Let v(x) = 19*x**2 + 60*x - 346. Give v(3).
5
Let u(a) = -37*a + 1218. Give u(32).
34
Let x(r) = -2*r**3 - 22*r**2 - 6*r - 56. Determine x(-11).
10
Let m(n) = -5*n**3 - 6*n**2 - 9*n - 12. Give m(-5).
508
Let u(h) = -3*h**3 - 40*h**2 + 29*h - 26. What is u(-14)?
-40
Let f(x) = x**3 + 21*x**2 + 109*x - 24. Calculate f(-12).
-36
Let o(w) = 114*w**2 - 349*w + 6. Give o(3).
-15
Let v(q) = -2*q**2 - 236*q + 2022. Determine v(8).
6
Let s(c) = -2*c**2 + 11*c + 22. Calculate s(-5).
-83
Let a(j) = 148*j + 17288. Calculate a(-117).
-28
Let h(s) = 266*s + 2204. What is h(-8)?
76
Let r(f) = 2612*f + 7852. Calculate r(-3).
16
Let a(c) = 2462*c + 49233. What is a(-20)?
-7
Let p(v) = 4*v + 9. Calculate p(-11).
-35
Let v(f) = 13*f**3 + 6*f**2 - 12*f + 24. What is v(2)?
128
Let n(f) = -f**2 + 118*f + 891. Determine n(-7).
16
Let i(d) = -d**3 - 26*d**2 + 58*d + 154. Determine i(-28).
98
Let x(s) = s**3 - 13*s**2 + 101*s - 9. Give x(7).
404
Let y(i) = 2*i**2 - 50*i + 100. Calculate y(2).
8
Let v(z) = -4*z**2 + 295. Calculate v(15).
-605
Let z(a) = -254*a + 2051. Give z(8).
19
Let w(h) = -h**3 - 44*h**2 - 91*h - 288. What is w(-42)?
6
Let n(p) = 5*p - 257. Calculate n(33).
-92
Let d(j) = -3*j**2 - 153*j - 1793. Determine d(-18).
-11
Let x(s) = -s**2 - 3*s - 7. Determine x(-8).
-47
Let s(h) = h**3 - 45*h**2 - 2*h + 3790. What is s(43)?
6
Let z(c) = -c**3 + 65*c**2 + 12*c - 806. Determine z(65).
-26
Let s(u) = -u**2 + 420*u - 36185. Determine s(121).
-6
Let k(g) = g**2 - 18*g + 27. Give k(21).
90
Let b(g) = -g**2 - 20*g - 97. What is b(-10)?
3
Let o(p) = -27*p + 378. What is o(14)?
0
Let x(n) = -32*n + 2800. Give x(86).
48
Let d(j) = -22*j + 134. What is d(3)?
68
Let p(w) = 415*w - 1642. Calculate p(4).
18
Let t(p) = p**3 - 19*p**2 + 85*p - 63. What is t(5)?
12
Let i(y) = 4*y**2 - 78*y - 260. Determine i(-3).
10
Let g(r) = 26*r + 135. Give g(-6).
-21
Let u(k) = -6*k**2 + 182*k + 979. Determine u(35).
-1
Let s(x) = -349*x + 500. Calculate s(6).
-1594
Let s(w) = -w**2 + 210*w - 3467. Determine s(18).
-11
Let m(u) = u**2 + 11*u - 13. Give m(1).
-1
Let n(r) = -325*r - 889. Calculate n(-3).
86
Let c(y) = 137*y - 2465. Calculate c(18).
1
Let d(z) = 2*z - 59. Determine d(-50).
-159
Let k(a) = -253*a + 3663. Determine k(15).
-132
Let p(j) = 21*j - 55. Give p(1).
-34
Let w(g) = 159*g - 8428. Determine w(53).
-1
Let w(s) = -s**2 - 1334*s - 368165. Calculate w(-390).
-5
Let q(o) = -33*o + 153. Calculate q(5).
-12
Let s(g) = -9*g - 239. Give s(-10).
-149
Let l(j) = -j**2 + 4*j + 79. What is l(-7)?
2
Let v(z) = 132*z + 1394. Give v(-11).
-58
Let a(t) = 71*t + 638. What is a(-9)?
-1
Let d(m) = 7*m**2 + 232*m + 52. Calculate d(-33).
19
Let a(w) = -1635*w + 17979. Calculate a(11).
-6
Let v(w) = -9*w**2 - 312*w - 225. What is v(-34)?
-21
Let g(t) = -t**2 - 137*t + 1298. Give g(9).
-16
Let h(b) = 142*b - 19022. Determine h(134).
6
Let p(a) = 69*a + 2354. Determine p(-34).
8
Let u(n) = 94*n - 477. Calculate u(5).
-7
Let y(p) = -15*p - 69. Determine y(7).
-174
Let x(d) = -50*d + 210. Give x(5).
-40
Let q(s) = 4*s**2 + 302*s - 775. Give q(-78).
5
Let n(v) = 15*v + 944. Calculate n(-55).
119
Let n(m) = 141*m - 2035. What is n(14)?
-61
Let d(h) = 50*h**2 + 9*h + 15. Determine d(-2).
197
Let u(b) = -18*b**2 - 11*b - 6. Calculate u(1).
-35
Let r(y) = -y**3 - 55*y**2 - 114*y - 94. Calculate r(-53).
330
Let u(d) = d**3 - 10*d**2 + d + 11. Determine u(9).
-61
Let s(a) = 2*a**3 - 168*a**2 + 5*a - 427. Calculate s(84).
-7
Let b(h) = 3*h**2 - 7*h - 2. What is b(-7)?
194
Let t(c) = 5*c - 309. What is t(62)?
1
Let t(s) = -70*s - 575. Determine t(-8).
-15
Let b(v) = -17*v**2 - 154*v - 2. Determine b(-9).
7
Let a(h) = 8*h**2 + 131*h + 228. Calculate a(-2).
-2
Let w(y) = -30*y**2 + 159*y - 9. Determine w(5).
36
Let u(a) = -17*a**3 + 4*a**2 - 9*a + 1. Determine u(2).
-137
Let l(t) = 2*t**3 + 4*t**2 - 10*t - 6. Give l(-3).
6
Let g(p) = -90*p + 1404. Determine g(16).
-36
Let r(b) = 7*b**2 + 415*b + 118. Give r(-59).
0
Let b(j) = 2*j**3 - 76*j**2 + j - 86. Calculate b(38).
-48
Let y(l) = l**2 + 15*l - 36. Give y(-14).
-50
Let r(k) = -k**3 - 28*k**2 - 143*k + 63. What is r(-21)?
-21
Let c(m) = -3*m**2 - 372*m + 1930. Give c(-129).
-5
Let v(r) = -4*r**3 - 5*r**2 - 6*r + 18. Give v(4).
-342
Let i(p) = -5470*p + 262560. Calculate i(48).
0
Let g(s) = -s**3 + 54*s**2 - 712*s - 320. What is g(25)?
5
Let m(n) = 4*n - 99. Give m(-8).
-131
Let m(t) = -t**2 + 15*t + 36. Calculate m(-3).
-18
Let a(c) = c**2 - 276*c + 825. What is a(3)?
6
Let w(p) = -p**2 + 3*p - 55. Give w(-8).
-143
Let q(y) = 52*y - 833. Calculate q(16).
-1
Let q(i) = -i**3 + 14*i**2 - 9*i - 32. Calculate q(14).
-158
Let x(r) = -r**3 - 2*r - 276. What is x(0)?
-276
Let m(k) = k**2 + 39*k + 220. What is m(-8)?
-28
Let j(g) = -135*g - 5. What is j(-2)?
265
Let f(v) = 2*v**2 - 54*v + 487. What is f(22)?
267
Let s(b) = 86*b - 4064. Calculate s(45).
-194
Let u(q) = 135*q**3 + 2*q**2 + q - 1. Calculate u(-1).
-135
Let n(j) = -3*j**2 - 2*j + 45. Give n(5).
-40
Let k(d) = d**2 - 49*d + 58. Calculate k(52).
214
Let k(b) = -20*b + 170. Determine k(11).
-50
Let j(x) = 136*x + 537. What is j(-4)?
-7
Let t(p) = 3839*p + 10. Determine t(0).
10
Let g(v) = -5*v**2 - 207*v + 177. Determine g(-42).
51
Let r(h) = -27*h**2 + 30*h - 70. Calculate r(4).
-382
Let b(y) = 52*y**2 - 6*y + 2. Calculate b(2).
198
Let y(l) = -l**3 + 6*l**2 - 30*l + 198. Determine y(6).
18
Let v(l) = -30*l + 19. Give v(4).
-101
Let b(j) = 3*j**2 + 126*j - 114. Calculate b(-43).
15
Let r(a) = a**3 - 33*a**2 - 279*a - 19. Give r(40).
21
Let t(w) = -w**3 - 112*w**2 + 139*w + 2922. Give t(-113).
-16
Let g(v) = 238*v - 27367. Determine g(115).
3
Let f(u) = -9467*u + 94663. Give f(10).
-7
Let l(b) = b**